{"id":17754,"date":"2025-10-27T15:24:49","date_gmt":"2025-10-27T14:24:49","guid":{"rendered":"https:\/\/www.cittadellascienza.it\/?post_type=event&#038;p=17754"},"modified":"2025-12-05T16:56:30","modified_gmt":"2025-12-05T15:56:30","slug":"il-museo-che-verra-ricerca-azione-nei-e-dai-musei","status":"publish","type":"event","link":"https:\/\/www.cittadellascienza.it\/en\/calendario-eventi\/evento\/il-museo-che-verra-ricerca-azione-nei-e-dai-musei\/","title":{"rendered":"IL MUSEO CHE VERR\u00c0: RICERCA-AZIONE NEI E DAI MUSEI"},"content":{"rendered":"\n<p><strong>FUTURO REMOTO 2025<br>IL MUSEO CHE VERR\u00c0<\/strong>: <strong>PARTIRE DA S\u00c9.<\/strong> PER-CORSI DI FORMAZIONE E PARTECIPAZIONE DELLE COMUNIT\u00c0<\/p>\n\n\n\n<p>I luoghi della cultura diventano laboratori di partecipazione e cittadinanza democratica, di inclusione e relazione. Per far s\u00ec che tutto questo diventi sempre pi\u00f9 un modello reale di gestione dei nostri musei \u00e8 importanti offrire occasioni di confronto per la formazione dell\u2019ecosistema professionale che operer\u00e0 in questo ambito e che ci si sta ora gi\u00e0 affacciando.<\/p>\n\n\n\n<p>Dialogo, confronto, buone pratiche \u2026immaginazione\u2026 sono gli ingredienti essenziali per formare chi domani sar\u00e0 protagonista della programmazione delle nostre istituzioni culturali.<\/p>\n\n\n\n<div style=\"height:30px\" aria-hidden=\"true\" class=\"wp-block-spacer\"><\/div>\n\n\n\n<p><strong>Saluti di:<\/strong><\/p>\n\n\n\n<ul class=\"wp-block-list\">\n<li><em>Marianella Pucci<\/em>, Coordinamento ICOM Campania&nbsp;<\/li>\n<\/ul>\n\n\n\n<p><br><strong>Introduce:<\/strong><\/p>\n\n\n\n<ul class=\"wp-block-list\">\n<li><em>Alessandra Drioli<\/em>, Fondazione IDIS &#8211; Citt\u00e0 della Scienza<\/li>\n<\/ul>\n\n\n\n<p><br><strong>Interventi progammati:<\/strong><\/p>\n\n\n\n<ul class=\"wp-block-list\">\n<li><em>Monica Murero<\/em>, Universit\u00e0 degli Studi Federico II \u00b7 <strong>Il museo che verr\u00e0 nell\u2019era dell\u2019intelligenza artificiale<\/strong><\/li>\n\n\n\n<li><em>Guido Guarino<\/em>, Parco Nazionale del Vesuvio&nbsp;<\/li>\n\n\n\n<li><em>Rossella Parente<\/em>, Fondazione IDIS &#8211; Citt\u00e0 della Scienza<\/li>\n\n\n\n<li><em>Claudio Gambardella<\/em>, Universit\u00e0 degli Studi della Campania \u201cL. Vanvitelli\u201d<\/li>\n\n\n\n<li><em>Francesco Carignani<\/em>, Pio Monte della Misericordia<\/li>\n<\/ul>\n\n\n\n<div style=\"height:100px\" aria-hidden=\"true\" class=\"wp-block-spacer\"><\/div>\n\n\n\n<figure class=\"wp-block-image size-full is-resized\"><img loading=\"lazy\" decoding=\"async\" width=\"600\" height=\"499\" src=\"https:\/\/static-www.cittadellascienza.it\/wp-content\/uploads\/2025\/10\/LOGO_Il_Museo_che_verra_dim_base_600_px.png\" alt=\"\" class=\"wp-image-17391\" style=\"width:200px\" srcset=\"https:\/\/static-www.cittadellascienza.it\/wp-content\/uploads\/2025\/10\/LOGO_Il_Museo_che_verra_dim_base_600_px.png 600w, https:\/\/static-www.cittadellascienza.it\/wp-content\/uploads\/2025\/10\/LOGO_Il_Museo_che_verra_dim_base_600_px-300x250.png 300w, https:\/\/static-www.cittadellascienza.it\/wp-content\/uploads\/2025\/10\/LOGO_Il_Museo_che_verra_dim_base_600_px.png 541w\" sizes=\"auto, (max-width: 600px) 100vw, 600px\" \/><\/figure>\n\n\n\n<p><strong>IL MUSEO CHE VERR\u00c0<br>5 Regioni per una formazione sul ruolo dei Musei del futuro e delle professionalit\u00e0 emergenti<\/strong><\/p>\n\n\n\n<p>\u201cIl museo \u00e8 un\u2019istituzione permanente senza scopo di lucro e al servizio della societ\u00e0, che compie ricerche, colleziona, conserva, interpreta ed espone il patrimonio culturale, materiale e immateriale. Aperti al pubblico, accessibili e inclusivi, i musei promuovono la diversit\u00e0 e la sostenibilit\u00e0. Operano e comunicano eticamente e professionalmente e con la partecipazione delle comunit\u00e0, offrendo esperienze diversificate per l\u2019educazione, il piacere, la riflessione e la condivisione di conoscenze.\u201d<br><em>Definizione di Museo di ICOM \u2013 International Council of Museums, Praga 2022<\/em><\/p>\n\n\n\n<figure class=\"wp-block-image size-full is-resized\"><img loading=\"lazy\" decoding=\"async\" width=\"900\" height=\"180\" src=\"https:\/\/static-www.cittadellascienza.it\/wp-content\/uploads\/2025\/10\/IMG_LOGO_Icom_dim_base_900_px.png\" alt=\"\" class=\"wp-image-17393\" style=\"width:200px\" srcset=\"https:\/\/static-www.cittadellascienza.it\/wp-content\/uploads\/2025\/10\/IMG_LOGO_Icom_dim_base_900_px.png 900w, https:\/\/static-www.cittadellascienza.it\/wp-content\/uploads\/2025\/10\/IMG_LOGO_Icom_dim_base_900_px-300x60.png 300w, https:\/\/static-www.cittadellascienza.it\/wp-content\/uploads\/2025\/10\/IMG_LOGO_Icom_dim_base_900_px-768x154.png 768w, https:\/\/static-www.cittadellascienza.it\/wp-content\/uploads\/2025\/10\/IMG_LOGO_Icom_dim_base_900_px.png 800w\" sizes=\"auto, (max-width: 900px) 100vw, 900px\" \/><\/figure>\n\n\n\n<p><strong>I coordinamenti regionali di ICOM Campania, Puglia, Calabria, Basilicata e Sicilia e Fondazione IDIS &#8211; Citt\u00e0 della Scienza, in collaborazione con ICOM Italia, promuovono un percorso di formazione <\/strong>per immaginare, oggi, il museo del futuro tra sfide quotidiane e professionalit\u00e0 emergenti. In un&#8217;epoca caratterizzata da trasformazioni costanti, i musei sono tra gli attori che hanno la facolt\u00e0 di agire in prima linea per il cambiamento. Essi si trovano, sempre pi\u00f9 spesso, ad operare in un contesto globale e dinamico,&nbsp;fungendo da&nbsp;protagonisti attivi nella formazione di comunit\u00e0 sostenibili e inclusive.&nbsp; Promuovendo la creativit\u00e0 e abbracciando i progressi tecnologici, i musei stimolano l&#8217;innovazione e migliorano l&#8217;accessibilit\u00e0,&nbsp;contribuendo allo sviluppo sostenibile.<\/p>\n\n\n\n<p>I cicli d\u2019incontri promossi da <em>Il museo che verr\u00e0<\/em>&nbsp;ci invitano a ripensare,&nbsp;insieme a direttori e professionisti dell\u2019ecosistema museale, al ruolo&nbsp;trasformativo&nbsp;di queste istituzioni nella societ\u00e0.&nbsp;L\u2019idea nasce dalla volont\u00e0 dei coordinamenti ICOM coinvolti di mappare i territori che abitano, a volte difficili da congiungere nelle distanze, al fine di poter offrire ai giovani professionisti gli strumenti necessari alla conoscenza delle possibilit\u00e0 e progettualit\u00e0 trasversali che i Musei del Futuro sono chiamati ad assolvere. <strong><\/strong><\/p>\n\n\n\n<p><strong>Campania, <\/strong><strong>Puglia, Calabria, Basilicata<\/strong><strong>&nbsp;e Sicilia promuovono, insieme, un programma capillare <\/strong>per proporre e realizzare un\u2019iniziativa di network incentrata sulla <strong>nuova concezione del museo<\/strong><strong>&nbsp;<\/strong><strong>come catalizzatore<\/strong><strong>&nbsp;<\/strong><strong>del cambiamento.<\/strong><\/p>\n\n\n\n\n","protected":false},"excerpt":{"rendered":"<p><b>Sabato 6 dicembre 2025 \/ 10:00 &#8211; 13:00<\/b> \u00b7 I luoghi della cultura diventano laboratori di partecipazione e cittadinanza democratica, di inclusione e relazione. Per far s\u00ec che tutto questo diventi sempre pi\u00f9 un modello reale di gestione dei nostri musei \u00e8 importanti offrire occasioni di confronto per la formazione dell\u2019ecosistema professionale che operer\u00e0 in questo ambito e che ci si sta ora gi\u00e0 affacciando.<\/p>\n","protected":false},"author":7,"featured_media":17757,"template":"","meta":{"_acf_changed":false},"event-venue":[233],"event-category":[],"event-tag":[228],"target":[74],"class_list":["post-17754","event","type-event","status-publish","has-post-thumbnail","hentry","event-venue-sala-oppenheimer--citta-della-scienza","event-tag-futuroremoto2025-il-museo-che-verra","target-per-tutti"],"acf":[],"_links":{"self":[{"href":"https:\/\/www.cittadellascienza.it\/en\/wp-json\/wp\/v2\/event\/17754","targetHints":{"allow":["GET"]}}],"collection":[{"href":"https:\/\/www.cittadellascienza.it\/en\/wp-json\/wp\/v2\/event"}],"about":[{"href":"https:\/\/www.cittadellascienza.it\/en\/wp-json\/wp\/v2\/types\/event"}],"author":[{"embeddable":true,"href":"https:\/\/www.cittadellascienza.it\/en\/wp-json\/wp\/v2\/users\/7"}],"wp:featuredmedia":[{"embeddable":true,"href":"https:\/\/www.cittadellascienza.it\/en\/wp-json\/wp\/v2\/media\/17757"}],"wp:attachment":[{"href":"https:\/\/www.cittadellascienza.it\/en\/wp-json\/wp\/v2\/media?parent=17754"}],"wp:term":[{"taxonomy":"event-venue","embeddable":true,"href":"https:\/\/www.cittadellascienza.it\/en\/wp-json\/wp\/v2\/event-venue?post=17754"},{"taxonomy":"event-category","embeddable":true,"href":"https:\/\/www.cittadellascienza.it\/en\/wp-json\/wp\/v2\/event-category?post=17754"},{"taxonomy":"event-tag","embeddable":true,"href":"https:\/\/www.cittadellascienza.it\/en\/wp-json\/wp\/v2\/event-tag?post=17754"},{"taxonomy":"target","embeddable":true,"href":"https:\/\/www.cittadellascienza.it\/en\/wp-json\/wp\/v2\/target?post=17754"}],"curies":[{"name":"wp","href":"https:\/\/api.w.org\/{rel}","templated":true}]}}

IL MUSEO CHE VERRÀ: RICERCA-AZIONE NEI E DAI MUSEI

<p><strong>FUTURO REMOTO 2025<br>IL MUSEO CHE VERRÀ</strong>: <strong>PARTIRE DA SÉ.</strong> PER-CORSI DI FORMAZIONE E PARTECIPAZIONE DELLE COMUNITÀ</p>



<p>I luoghi della cultura diventano laboratori di partecipazione e cittadinanza democratica, di inclusione e relazione. Per far sì che tutto questo diventi sempre più un modello reale di gestione dei nostri musei è importanti offrire occasioni di confronto per la formazione dell’ecosistema professionale che opererà in questo ambito e che ci si sta ora già affacciando.</p>



<p>Dialogo, confronto, buone pratiche …immaginazione… sono gli ingredienti essenziali per formare chi domani sarà protagonista della programmazione delle nostre istituzioni culturali.</p>



<div style="height:30px" aria-hidden="true" class="wp-block-spacer"></div>



<p><strong>Saluti di:</strong></p>



<ul class="wp-block-list">
<li><em>Marianella Pucci</em>, Coordinamento ICOM Campania&nbsp;</li>
</ul>



<p><br><strong>Introduce:</strong></p>



<ul class="wp-block-list">
<li><em>Alessandra Drioli</em>, Fondazione IDIS &#8211; Città della Scienza</li>
</ul>



<p><br><strong>Interventi progammati:</strong></p>



<ul class="wp-block-list">
<li><em>Monica Murero</em>, Università degli Studi Federico II · <strong>Il museo che verrà nell’era dell’intelligenza artificiale</strong></li>



<li><em>Guido Guarino</em>, Parco Nazionale del Vesuvio&nbsp;</li>



<li><em>Rossella Parente</em>, Fondazione IDIS &#8211; Città della Scienza</li>



<li><em>Claudio Gambardella</em>, Università degli Studi della Campania “L. Vanvitelli”</li>



<li><em>Francesco Carignani</em>, Pio Monte della Misericordia</li>
</ul>



<div style="height:100px" aria-hidden="true" class="wp-block-spacer"></div>



<figure class="wp-block-image size-full is-resized"><img loading="lazy" decoding="async" width="600" height="499" src="https://static-www.cittadellascienza.it/wp-content/uploads/2025/10/LOGO_Il_Museo_che_verra_dim_base_600_px.png" alt="" class="wp-image-17391" style="width:200px" srcset="https://static-www.cittadellascienza.it/wp-content/uploads/2025/10/LOGO_Il_Museo_che_verra_dim_base_600_px.png 600w, https://static-www.cittadellascienza.it/wp-content/uploads/2025/10/LOGO_Il_Museo_che_verra_dim_base_600_px-300x250.png 300w, https://static-www.cittadellascienza.it/wp-content/uploads/2025/10/LOGO_Il_Museo_che_verra_dim_base_600_px.png 541w" sizes="auto, (max-width: 600px) 100vw, 600px" /></figure>



<p><strong>IL MUSEO CHE VERRÀ<br>5 Regioni per una formazione sul ruolo dei Musei del futuro e delle professionalità emergenti</strong></p>



<p>“Il museo è un’istituzione permanente senza scopo di lucro e al servizio della società, che compie ricerche, colleziona, conserva, interpreta ed espone il patrimonio culturale, materiale e immateriale. Aperti al pubblico, accessibili e inclusivi, i musei promuovono la diversità e la sostenibilità. Operano e comunicano eticamente e professionalmente e con la partecipazione delle comunità, offrendo esperienze diversificate per l’educazione, il piacere, la riflessione e la condivisione di conoscenze.”<br><em>Definizione di Museo di ICOM – International Council of Museums, Praga 2022</em></p>



<figure class="wp-block-image size-full is-resized"><img loading="lazy" decoding="async" width="900" height="180" src="https://static-www.cittadellascienza.it/wp-content/uploads/2025/10/IMG_LOGO_Icom_dim_base_900_px.png" alt="" class="wp-image-17393" style="width:200px" srcset="https://static-www.cittadellascienza.it/wp-content/uploads/2025/10/IMG_LOGO_Icom_dim_base_900_px.png 900w, https://static-www.cittadellascienza.it/wp-content/uploads/2025/10/IMG_LOGO_Icom_dim_base_900_px-300x60.png 300w, https://static-www.cittadellascienza.it/wp-content/uploads/2025/10/IMG_LOGO_Icom_dim_base_900_px-768x154.png 768w, https://static-www.cittadellascienza.it/wp-content/uploads/2025/10/IMG_LOGO_Icom_dim_base_900_px.png 800w" sizes="auto, (max-width: 900px) 100vw, 900px" /></figure>



<p><strong>I coordinamenti regionali di ICOM Campania, Puglia, Calabria, Basilicata e Sicilia e Fondazione IDIS &#8211; Città della Scienza, in collaborazione con ICOM Italia, promuovono un percorso di formazione </strong>per immaginare, oggi, il museo del futuro tra sfide quotidiane e professionalità emergenti. In un&#8217;epoca caratterizzata da trasformazioni costanti, i musei sono tra gli attori che hanno la facoltà di agire in prima linea per il cambiamento. Essi si trovano, sempre più spesso, ad operare in un contesto globale e dinamico,&nbsp;fungendo da&nbsp;protagonisti attivi nella formazione di comunità sostenibili e inclusive.&nbsp; Promuovendo la creatività e abbracciando i progressi tecnologici, i musei stimolano l&#8217;innovazione e migliorano l&#8217;accessibilità,&nbsp;contribuendo allo sviluppo sostenibile.</p>



<p>I cicli d’incontri promossi da <em>Il museo che verrà</em>&nbsp;ci invitano a ripensare,&nbsp;insieme a direttori e professionisti dell’ecosistema museale, al ruolo&nbsp;trasformativo&nbsp;di queste istituzioni nella società.&nbsp;L’idea nasce dalla volontà dei coordinamenti ICOM coinvolti di mappare i territori che abitano, a volte difficili da congiungere nelle distanze, al fine di poter offrire ai giovani professionisti gli strumenti necessari alla conoscenza delle possibilità e progettualità trasversali che i Musei del Futuro sono chiamati ad assolvere. <strong></strong></p>



<p><strong>Campania, </strong><strong>Puglia, Calabria, Basilicata</strong><strong>&nbsp;e Sicilia promuovono, insieme, un programma capillare </strong>per proporre e realizzare un’iniziativa di network incentrata sulla <strong>nuova concezione del museo</strong><strong>&nbsp;</strong><strong>come catalizzatore</strong><strong>&nbsp;</strong><strong>del cambiamento.</strong></p>

<p><b>Sabato 6 dicembre 2025 / 10:00 &#8211; 13:00</b> · I luoghi della cultura diventano laboratori di partecipazione e cittadinanza democratica, di inclusione e relazione. Per far sì che tutto questo diventi sempre più un modello reale di gestione dei nostri musei è importanti offrire occasioni di confronto per la formazione dell’ecosistema professionale che opererà in questo ambito e che ci si sta ora già affacciando.</p>
