{"id":18123,"date":"2025-11-10T17:44:52","date_gmt":"2025-11-10T16:44:52","guid":{"rendered":"https:\/\/www.cittadellascienza.it\/?post_type=event&#038;p=18123"},"modified":"2025-11-21T10:25:05","modified_gmt":"2025-11-21T09:25:05","slug":"future-lab-cultura-benessere-territori-e-comunita","status":"publish","type":"event","link":"https:\/\/www.cittadellascienza.it\/en\/calendario-eventi\/evento\/future-lab-cultura-benessere-territori-e-comunita\/","title":{"rendered":"FUTURE LAB: CULTURA, BENESSERE, TERRITORI E COMUNIT\u00c0"},"content":{"rendered":"\n<p><strong>FUTURO REMOTO 2025 <br>FUTURE LAB: <\/strong>\u201c<strong>CULTURA, BENESSERE, TERRITORI E COMUNIT\u00c0<\/strong><br><strong>in collaborazione Art Days &#8211; Napoli Campania | V edizione<\/strong><br><br><strong>TALK<\/strong> \u2013 <strong>Il ruolo sociale dell\u2019arte e delle istituzioni culturali nel XXI secolo<\/strong><\/p>\n\n\n\n<p>In linea con il concept della quinta edizione di Art Days, un incontro del Public Program in collaborazione con Futuro Remoto 2025,&nbsp; nell\u2019ambito ei FUTURE LAB,&nbsp; esplorer\u00e0 i legami tra cultura, benessere, territori e comunit\u00e0 nella citt\u00e0 contemporanea.<\/p>\n\n\n\n<p>Grazie a un panel di esperti, il talk presso Citt\u00e0 della Scienza riflette sul ruolo sociale dell\u2019arte e sull\u2019importanza della partecipazione culturale per la salute dei cittadini.<\/p>\n\n\n\n<p><strong>Interventi di:<\/strong><br>Dott.ssa <em>Annalisa Banzi<\/em> (CESPEB Uni Bicocca)<br>Prof. <em>Gennaro Catone<\/em> (Universit\u00e0 Suor Orsola Benincasa)<br>Prof.ssa <em>Tina Iachini<\/em> (Universit\u00e0 della Campania \u201cLuigi Vanvitelli\u201d)<br>Dott.ssa <em>Giusy Palma<\/em> (Gallerie d&#8217;Italia, Napoli).<\/p>\n\n\n\n<p><strong>Momento esperienziale con:<\/strong> <br><em>Maria Chiara Vitti<\/em>, insegnante di Dance Well &#8211; Movement Research for Parkinson.<\/p>\n\n\n\n<div style=\"height:50px\" aria-hidden=\"true\" class=\"wp-block-spacer\"><\/div>\n\n\n\n<div class=\"wp-block-buttons is-layout-flex wp-block-buttons-is-layout-flex\">\n<div class=\"wp-block-button\"><a class=\"wp-block-button__link has-white-color has-red-background-color has-text-color has-background has-link-color wp-element-button\" href=\"https:\/\/static-www.cittadellascienza.it\/wp-content\/uploads\/2025\/11\/005_Locandina_formato_A3_FUTURO_REMOTO_2025_EVENTO_FUTURE_LAB_-_CULTURA_BENESSERE_TERRITORI_COMUNITA_compressed.pdf\" target=\"_blank\" rel=\"noreferrer noopener\"><strong>SCARICA<\/strong> LA <strong>LOCANDINA<\/strong><\/a><\/div>\n<\/div>\n\n\n\n<div style=\"height:50px\" aria-hidden=\"true\" class=\"wp-block-spacer\"><\/div>\n\n\n\n<p><strong><mark style=\"background-color:rgba(0, 0, 0, 0)\" class=\"has-inline-color has-red-color\">REGISTRAZIONE<\/mark><\/strong><\/p>\n\n\n\n<div class=\"wp-block-buttons is-layout-flex wp-block-buttons-is-layout-flex\">\n<div class=\"wp-block-button\"><a class=\"wp-block-button__link has-white-color has-red-background-color has-text-color has-background has-link-color wp-element-button\" href=\"https:\/\/i3h8i.mailupclient.com\/frontend\/forms\/Subscription.aspx?idList=1&amp;idForm=181&amp;guid=AAFA5375-BCF1-4E06-965A-E3A98B626156\" target=\"_blank\" rel=\"noreferrer noopener\"><strong>REGISTRATI ALL&#8217;EVENTO<\/strong><\/a><\/div>\n<\/div>\n\n\n\n<div style=\"height:70px\" aria-hidden=\"true\" class=\"wp-block-spacer\"><\/div>\n\n\n\n<p><strong>Nell\u2019ambito del ciclo dei FUTURE LAB di Futuro remoto<\/strong><\/p>\n\n\n\n<p><strong>Pratiche di futuro, da utilizzare nel presente<\/strong><br>Facciamo di Citt\u00e0 della Scienza un laboratorio per esplorare e costruire scenari pi\u00f9 consapevoli di futuri desiderabili. Decliniamo le definizioni di Sviluppo sostenibile e One Health e trasformiamole in gesti quotidiani consapevoli e condivisi attraverso la progettazione partecipata di percorsi all\u2019interno di Citt\u00e0 della Scienza con prolungamenti in tutte le istituzioni che contribuiranno alla loro realizzazione. Ogni gesto consapevole, da come ci si muove, come ci si relazione con cose, persone e ambiente, \u00e8 il primo passo per costruire un modello di sviluppo sostenibile e un benessere individuale e collettivo. Partiamo da qui!<\/p>\n\n\n\n<p>Questo Future Lab si inserisce all\u2019interno della programmazione di <strong>Art Days \u2013 Napoli Campania, <\/strong>arricchita ogni anno dal <strong>Public Program<\/strong>, che presenta un <strong>palinsesto di appuntamenti di approfondimento e discussione <\/strong>su tematiche rilevanti nel settore, declinate con inviti a ospiti e professionisti del territorio e nazionali. &nbsp;&nbsp;&nbsp;&nbsp;&nbsp;&nbsp;<br>In linea con il concept della quinta edizione della manifestazione, un incontro specifico del Public Program viene dedicato alla citt\u00e0 e alla sua sfaccettata comunit\u00e0, in particolare, ai legami tra \u201c<strong>Cultura, benessere, territori e comunit\u00e0<\/strong>\u201d, con un appuntamento che <strong>rientra nel ciclo dei FUTURE LAB, in collaborazione con Futuro Remoto 2025<\/strong>, presso Citt\u00e0 della Scienza.<br><\/p>\n\n\n\n<div style=\"height:70px\" aria-hidden=\"true\" class=\"wp-block-spacer\"><\/div>\n\n\n\n<p><strong>In collaborazione con:<\/strong><\/p>\n\n\n\n<div style=\"height:20px\" aria-hidden=\"true\" class=\"wp-block-spacer\"><\/div>\n\n\n\n<figure class=\"wp-block-image size-large is-resized\"><img loading=\"lazy\" decoding=\"async\" width=\"1024\" height=\"419\" src=\"https:\/\/static-www.cittadellascienza.it\/wp-content\/uploads\/2025\/11\/LOGO_Art-Days-Campania-1024x419.png\" alt=\"\" class=\"wp-image-18141\" style=\"width:200px\" srcset=\"https:\/\/static-www.cittadellascienza.it\/wp-content\/uploads\/2025\/11\/LOGO_Art-Days-Campania-1024x419.png 1024w, https:\/\/static-www.cittadellascienza.it\/wp-content\/uploads\/2025\/11\/LOGO_Art-Days-Campania-300x123.png 300w, https:\/\/static-www.cittadellascienza.it\/wp-content\/uploads\/2025\/11\/LOGO_Art-Days-Campania-768x314.png 768w, https:\/\/static-www.cittadellascienza.it\/wp-content\/uploads\/2025\/11\/LOGO_Art-Days-Campania-1536x628.png 1536w, https:\/\/static-www.cittadellascienza.it\/wp-content\/uploads\/2025\/11\/LOGO_Art-Days-Campania.png 800w, https:\/\/static-www.cittadellascienza.it\/wp-content\/uploads\/2025\/11\/LOGO_Art-Days-Campania.png 1668w\" sizes=\"auto, (max-width: 1024px) 100vw, 1024px\" \/><\/figure>\n\n\n\n<figure class=\"wp-block-image size-full is-resized\"><img loading=\"lazy\" decoding=\"async\" width=\"600\" height=\"170\" src=\"https:\/\/static-www.cittadellascienza.it\/wp-content\/uploads\/2025\/11\/LOGO_Attiva.png\" alt=\"\" class=\"wp-image-18143\" style=\"width:150px\" srcset=\"https:\/\/static-www.cittadellascienza.it\/wp-content\/uploads\/2025\/11\/LOGO_Attiva.png 600w, https:\/\/static-www.cittadellascienza.it\/wp-content\/uploads\/2025\/11\/LOGO_Attiva-300x85.png 300w\" sizes=\"auto, (max-width: 600px) 100vw, 600px\" \/><\/figure>\n\n\n\n<div style=\"height:50px\" aria-hidden=\"true\" class=\"wp-block-spacer\"><\/div>\n\n\n\n<p><strong>Art Days &#8211; Napoli Campania | <\/strong><strong>V edizione<br><\/strong><strong>Dal 1\u00b0 al 7 dicembre 2025<\/strong><strong><\/strong><\/p>\n\n\n\n<p>Art Days &#8211; Napoli Campania, \u00e8 il <strong>primo evento per l\u2019arte contemporanea diffuso tra il capoluogo campano e l\u2019intera regione<\/strong>. Il progetto creato nel 2021 da un <strong>team under-35<\/strong> di professioniste dell\u2019arte &#8211; <em>Martina Campese<\/em>, <em>Raffaella Ferraro<\/em> e <em>Letizia Mari<\/em> &#8211; \u00e8 supportato dal <strong>Comitato Scientifico<\/strong> composto da <em>Fabio Agovino<\/em>, <em>Teresa Carnevale<\/em> e <em>Adriana Rispoli<\/em>.<\/p>\n\n\n\n<p>\u201c<strong>Voci dall\u2019alveare<\/strong>\u201d \u00e8 il titolo della V edizione: ispirandosi al racconto<em> Freddo a Napoli<\/em> di Italo Calvino, pubblicato nel 1949 su <em>L\u2019Unit\u00e0<\/em> e oggi incluso nei Meridiani Mondadori, Art Days sceglie l\u2019immagine dell\u2019<em>antichissimo<\/em> <em>alveare <\/em>promuovendo un\u2019esplorazione collettiva, un intreccio di storie che diventano metafora del tessuto urbano in cui perdersi e ritrovarsi.<\/p>\n","protected":false},"excerpt":{"rendered":"<p><b>Marted\u00ec 2 dicembre 2025 \/ 10:30 &#8211; 13:00<\/b> \u00b7 TALK \u2013 Il ruolo sociale dell\u2019arte e delle istituzioni culturali nel XXI secolo | In linea con il concept della quinta edizione di Art Days, un incontro del Public Program in collaborazione con Futuro Remoto 2025,\u00a0 nell\u2019ambito ei FUTURE LAB,\u00a0 esplorer\u00e0 i legami tra cultura, benessere, territori e comunit\u00e0 nella citt\u00e0 contemporanea.<\/p>\n","protected":false},"author":7,"featured_media":18126,"template":"","meta":{"_acf_changed":false},"event-venue":[75],"event-category":[],"event-tag":[227],"target":[74],"class_list":["post-18123","event","type-event","status-publish","has-post-thumbnail","hentry","event-venue-iv-piano-corporea-sala-grande--citta-della-scienza","event-tag-futuroremoto2025-future-lab","target-per-tutti"],"acf":[],"_links":{"self":[{"href":"https:\/\/www.cittadellascienza.it\/en\/wp-json\/wp\/v2\/event\/18123","targetHints":{"allow":["GET"]}}],"collection":[{"href":"https:\/\/www.cittadellascienza.it\/en\/wp-json\/wp\/v2\/event"}],"about":[{"href":"https:\/\/www.cittadellascienza.it\/en\/wp-json\/wp\/v2\/types\/event"}],"author":[{"embeddable":true,"href":"https:\/\/www.cittadellascienza.it\/en\/wp-json\/wp\/v2\/users\/7"}],"wp:featuredmedia":[{"embeddable":true,"href":"https:\/\/www.cittadellascienza.it\/en\/wp-json\/wp\/v2\/media\/18126"}],"wp:attachment":[{"href":"https:\/\/www.cittadellascienza.it\/en\/wp-json\/wp\/v2\/media?parent=18123"}],"wp:term":[{"taxonomy":"event-venue","embeddable":true,"href":"https:\/\/www.cittadellascienza.it\/en\/wp-json\/wp\/v2\/event-venue?post=18123"},{"taxonomy":"event-category","embeddable":true,"href":"https:\/\/www.cittadellascienza.it\/en\/wp-json\/wp\/v2\/event-category?post=18123"},{"taxonomy":"event-tag","embeddable":true,"href":"https:\/\/www.cittadellascienza.it\/en\/wp-json\/wp\/v2\/event-tag?post=18123"},{"taxonomy":"target","embeddable":true,"href":"https:\/\/www.cittadellascienza.it\/en\/wp-json\/wp\/v2\/target?post=18123"}],"curies":[{"name":"wp","href":"https:\/\/api.w.org\/{rel}","templated":true}]}}

FUTURE LAB: CULTURA, BENESSERE, TERRITORI E COMUNITÀ

<p><strong>FUTURO REMOTO 2025 <br>FUTURE LAB: </strong>“<strong>CULTURA, BENESSERE, TERRITORI E COMUNITÀ</strong><br><strong>in collaborazione Art Days &#8211; Napoli Campania | V edizione</strong><br><br><strong>TALK</strong> – <strong>Il ruolo sociale dell’arte e delle istituzioni culturali nel XXI secolo</strong></p>



<p>In linea con il concept della quinta edizione di Art Days, un incontro del Public Program in collaborazione con Futuro Remoto 2025,&nbsp; nell’ambito ei FUTURE LAB,&nbsp; esplorerà i legami tra cultura, benessere, territori e comunità nella città contemporanea.</p>



<p>Grazie a un panel di esperti, il talk presso Città della Scienza riflette sul ruolo sociale dell’arte e sull’importanza della partecipazione culturale per la salute dei cittadini.</p>



<p><strong>Interventi di:</strong><br>Dott.ssa <em>Annalisa Banzi</em> (CESPEB Uni Bicocca)<br>Prof. <em>Gennaro Catone</em> (Università Suor Orsola Benincasa)<br>Prof.ssa <em>Tina Iachini</em> (Università della Campania “Luigi Vanvitelli”)<br>Dott.ssa <em>Giusy Palma</em> (Gallerie d&#8217;Italia, Napoli).</p>



<p><strong>Momento esperienziale con:</strong> <br><em>Maria Chiara Vitti</em>, insegnante di Dance Well &#8211; Movement Research for Parkinson.</p>



<div style="height:50px" aria-hidden="true" class="wp-block-spacer"></div>



<div class="wp-block-buttons is-layout-flex wp-block-buttons-is-layout-flex">
<div class="wp-block-button"><a class="wp-block-button__link has-white-color has-red-background-color has-text-color has-background has-link-color wp-element-button" href="https://static-www.cittadellascienza.it/wp-content/uploads/2025/11/005_Locandina_formato_A3_FUTURO_REMOTO_2025_EVENTO_FUTURE_LAB_-_CULTURA_BENESSERE_TERRITORI_COMUNITA_compressed.pdf" target="_blank" rel="noreferrer noopener"><strong>SCARICA</strong> LA <strong>LOCANDINA</strong></a></div>
</div>



<div style="height:50px" aria-hidden="true" class="wp-block-spacer"></div>



<p><strong><mark style="background-color:rgba(0, 0, 0, 0)" class="has-inline-color has-red-color">REGISTRAZIONE</mark></strong></p>



<div class="wp-block-buttons is-layout-flex wp-block-buttons-is-layout-flex">
<div class="wp-block-button"><a class="wp-block-button__link has-white-color has-red-background-color has-text-color has-background has-link-color wp-element-button" href="https://i3h8i.mailupclient.com/frontend/forms/Subscription.aspx?idList=1&amp;idForm=181&amp;guid=AAFA5375-BCF1-4E06-965A-E3A98B626156" target="_blank" rel="noreferrer noopener"><strong>REGISTRATI ALL&#8217;EVENTO</strong></a></div>
</div>



<div style="height:70px" aria-hidden="true" class="wp-block-spacer"></div>



<p><strong>Nell’ambito del ciclo dei FUTURE LAB di Futuro remoto</strong></p>



<p><strong>Pratiche di futuro, da utilizzare nel presente</strong><br>Facciamo di Città della Scienza un laboratorio per esplorare e costruire scenari più consapevoli di futuri desiderabili. Decliniamo le definizioni di Sviluppo sostenibile e One Health e trasformiamole in gesti quotidiani consapevoli e condivisi attraverso la progettazione partecipata di percorsi all’interno di Città della Scienza con prolungamenti in tutte le istituzioni che contribuiranno alla loro realizzazione. Ogni gesto consapevole, da come ci si muove, come ci si relazione con cose, persone e ambiente, è il primo passo per costruire un modello di sviluppo sostenibile e un benessere individuale e collettivo. Partiamo da qui!</p>



<p>Questo Future Lab si inserisce all’interno della programmazione di <strong>Art Days – Napoli Campania, </strong>arricchita ogni anno dal <strong>Public Program</strong>, che presenta un <strong>palinsesto di appuntamenti di approfondimento e discussione </strong>su tematiche rilevanti nel settore, declinate con inviti a ospiti e professionisti del territorio e nazionali. &nbsp;&nbsp;&nbsp;&nbsp;&nbsp;&nbsp;<br>In linea con il concept della quinta edizione della manifestazione, un incontro specifico del Public Program viene dedicato alla città e alla sua sfaccettata comunità, in particolare, ai legami tra “<strong>Cultura, benessere, territori e comunità</strong>”, con un appuntamento che <strong>rientra nel ciclo dei FUTURE LAB, in collaborazione con Futuro Remoto 2025</strong>, presso Città della Scienza.<br></p>



<div style="height:70px" aria-hidden="true" class="wp-block-spacer"></div>



<p><strong>In collaborazione con:</strong></p>



<div style="height:20px" aria-hidden="true" class="wp-block-spacer"></div>



<figure class="wp-block-image size-large is-resized"><img loading="lazy" decoding="async" width="1024" height="419" src="https://static-www.cittadellascienza.it/wp-content/uploads/2025/11/LOGO_Art-Days-Campania-1024x419.png" alt="" class="wp-image-18141" style="width:200px" srcset="https://static-www.cittadellascienza.it/wp-content/uploads/2025/11/LOGO_Art-Days-Campania-1024x419.png 1024w, https://static-www.cittadellascienza.it/wp-content/uploads/2025/11/LOGO_Art-Days-Campania-300x123.png 300w, https://static-www.cittadellascienza.it/wp-content/uploads/2025/11/LOGO_Art-Days-Campania-768x314.png 768w, https://static-www.cittadellascienza.it/wp-content/uploads/2025/11/LOGO_Art-Days-Campania-1536x628.png 1536w, https://static-www.cittadellascienza.it/wp-content/uploads/2025/11/LOGO_Art-Days-Campania.png 800w, https://static-www.cittadellascienza.it/wp-content/uploads/2025/11/LOGO_Art-Days-Campania.png 1668w" sizes="auto, (max-width: 1024px) 100vw, 1024px" /></figure>



<figure class="wp-block-image size-full is-resized"><img loading="lazy" decoding="async" width="600" height="170" src="https://static-www.cittadellascienza.it/wp-content/uploads/2025/11/LOGO_Attiva.png" alt="" class="wp-image-18143" style="width:150px" srcset="https://static-www.cittadellascienza.it/wp-content/uploads/2025/11/LOGO_Attiva.png 600w, https://static-www.cittadellascienza.it/wp-content/uploads/2025/11/LOGO_Attiva-300x85.png 300w" sizes="auto, (max-width: 600px) 100vw, 600px" /></figure>



<div style="height:50px" aria-hidden="true" class="wp-block-spacer"></div>



<p><strong>Art Days &#8211; Napoli Campania | </strong><strong>V edizione<br></strong><strong>Dal 1° al 7 dicembre 2025</strong><strong></strong></p>



<p>Art Days &#8211; Napoli Campania, è il <strong>primo evento per l’arte contemporanea diffuso tra il capoluogo campano e l’intera regione</strong>. Il progetto creato nel 2021 da un <strong>team under-35</strong> di professioniste dell’arte &#8211; <em>Martina Campese</em>, <em>Raffaella Ferraro</em> e <em>Letizia Mari</em> &#8211; è supportato dal <strong>Comitato Scientifico</strong> composto da <em>Fabio Agovino</em>, <em>Teresa Carnevale</em> e <em>Adriana Rispoli</em>.</p>



<p>“<strong>Voci dall’alveare</strong>” è il titolo della V edizione: ispirandosi al racconto<em> Freddo a Napoli</em> di Italo Calvino, pubblicato nel 1949 su <em>L’Unità</em> e oggi incluso nei Meridiani Mondadori, Art Days sceglie l’immagine dell’<em>antichissimo</em> <em>alveare </em>promuovendo un’esplorazione collettiva, un intreccio di storie che diventano metafora del tessuto urbano in cui perdersi e ritrovarsi.</p>

<p><b>Martedì 2 dicembre 2025 / 10:30 &#8211; 13:00</b> · TALK – Il ruolo sociale dell’arte e delle istituzioni culturali nel XXI secolo | In linea con il concept della quinta edizione di Art Days, un incontro del Public Program in collaborazione con Futuro Remoto 2025,  nell’ambito ei FUTURE LAB,  esplorerà i legami tra cultura, benessere, territori e comunità nella città contemporanea.</p>
